- -17. Let g = z - 12. What is the units digit of w(g)?
5
Let k = 137 - 53. What is the tens digit of k*(7/3)/7?
2
Let h be 168/(-12) - (-4)/1. Let f be ((-16)/20)/(4/h). Suppose -3*b - 194 = -6*b + 5*k, -112 = -f*b - k. What is the units digit of b?
8
Let u(k) be the second derivative of k**5/20 - k**4 + 13*k**3/6 + k**2 + 11*k. What is the units digit of u(11)?
4
Let n = -11 - -12. Let y be 2 - -3*(0 - n). What is the tens digit of (y + -21)*(-1)/2?
1
Let j = -2282 + 3695. What is the thousands digit of j?
1
What is the hundreds digit of 631 - (3 + 7 + -7)?
6
Let t be -3*(-2)/12*20/2. What is the hundreds digit of 108 - 2*t/(-10) - -4?
1
Let b(y) = 12*y - 5. Let q be b(2). Suppose -q + 7 = -3*v. Suppose 2*i = s + 31, 0 = -v*i + s - 17 + 78. What is the tens digit of i?
1
Let v = 41 + -73. Let b = v + 26. What is the units digit of b/10 - 2630/(-50)?
2
Let a be (-22)/5 + (-2)/(-5). Let k be (12/15)/(a/(-10)). Suppose 0 = 5*j - b - 274, k*j - b - 110 = -1. What is the tens digit of j?
5
Let p(z) = -3*z - 3. Suppose -2*o + 3*o = -5. What is the units digit of p(o)?
2
Suppose 2*j - 287 = 3*v, 0 = -5*v + 7 - 2. What is the hundreds digit of j?
1
Let f(t) = 2 - 2*t + 4 + 21. What is the tens digit of f(-9)?
4
Suppose -7*g = -2*g - 1770. Let b = -230 + g. What is the units digit of b?
4
Let g be 126/(-15) - (-6)/15. Let u = -3 - g. Suppose -123 = -u*c + 17. What is the tens digit of c?
2
Suppose -5*i + 8*i - 594 = 0. Let h = -109 + i. What is the tens digit of h?
8
Let u be (1 + -43)/(1 - 3). Let y(d) = 3*d + 46. What is the tens digit of y(u)?
0
Let j(p) = p**3 - p**2 - 2*p. Let c be j(2). Let m be 23 + 3 + c/(-2). Let r = 0 + m. What is the units digit of r?
6
Suppose -1459 = -4*q + 325. What is the tens digit of q?
4
Let l(c) = c**3 - 8*c**2 + 7*c + 3. Let y be l(7). Let a be (y - 2/8)*4. Let m = a + -8. What is the units digit of m?
3
Suppose 21*u - 18*u - 921 = 0. What is the units digit of u?
7
Let s(v) = 10*v. Let z(q) = 1. Let f(n) = -s(n) - 6*z(n). Let o be f(-6). Suppose 0 = 2*x - o + 20. What is the tens digit of x?
1
Let v(b) = -6*b + 23. Let y be v(-5). Suppose 5*m - 492 = y. What is the units digit of m?
9
Suppose 0 = -20*g + 19*g + 30. Let s = g + -27. What is the units digit of s?
3
Suppose 0 = 5*o + 25, 2*g = 5*o - 10*o + 731. What is the tens digit of g?
7
Let u(l) = 3*l**3 + 11*l**2 - 7*l - 22. What is the hundreds digit of u(6)?
9
Suppose 2*m + 896 = -3*t + 3640, 5*m = -10*t + 6870. What is the hundreds digit of m?
3
Let q(t) = 4100*t**2 - 38*t + 37. What is the thousands digit of q(1)?
4
Let a be 31 + 0 + (-1 - (0 - -1)). Suppose -53 = -3*b + 4*q + a, -b + 26 = -q. What is the units digit of b?
2
Let k = 94 + -30. Suppose p - 2*q - 60 = k, -q + 139 = p. What is the units digit of p?
4
Let o(s) = -s**2 - s + 2. Let p be o(-3). Let z(y) = 2*y**2 + 4*y + 2*y - 4*y - 8. What is the tens digit of z(p)?
1
Let t be 1/6 + (-177)/(-18). Let p(x) = 3*x**2 - 11 - 2*x - x**3 + 7*x**2 + 7*x. What is the tens digit of p(t)?
3
Suppose -5 - 3 = -8*v. What is the tens digit of ((-206)/(-4) + -1)/(v/2)?
0
Let h(l) = 25*l**3 - 3*l**2 + 7*l - 14. Let a = 114 - 112. What is the units digit of h(a)?
8
Let x(w) = -2*w - 19. What is the tens digit of x(-33)?
4
Let k(q) = 2*q**2 + 5*q - 70. What is the units digit of k(21)?
7
Let b(x) = -x - 1. Let z(v) = -10*v**2 + v. Let s(i) = 3*b(i) - z(i). Let l be s(-3). Suppose 2*u - a - l = -2*a, u = -4*a + 32. What is the tens digit of u?
5
Let u(p) = -p**3 + 10*p + 1273. What is the units digit of u(0)?
3
Suppose 0 = 2*o + 2*h - 28, 3*o + 4*h - 45 = -0*o. Suppose -o = -l - 10. Let u = l - -9. What is the tens digit of u?
1
Suppose 0 = -4*m - 9 - 11. Let z(o) = o + 8. Let n be z(m). Suppose -k + 8 = k, -n*k + 18 = 2*s. What is the units digit of s?
3
Let d(j) = 4 + 3 - 1 + j - 1. Let c be d(-3). What is the units digit of (5 - 7)/(c/(-11))?
1
Suppose 0 = -5*b - 2*z + 2937, -26*b + 597 = -25*b - 2*z. What is the tens digit of b?
8
Let q(s) = -s**3 - 35*s**2 + 60*s + 49. What is the tens digit of q(-37)?
6
Suppose 0 = 2*n + 2*o - 4410, 0*n = -3*n - 5*o + 6625. What is the thousands digit of n?
2
Let b(o) = -o + 5 + o - 100*o**3 + 99*o**3 - 3*o**2. What is the tens digit of b(-5)?
5
Let v = -22 + 23. What is the units digit of 0/(-3) + v - -51?
2
Let c = -28 - -4. Suppose 70 = -5*d - 180. What is the tens digit of d/(-4) + c/(-16)?
1
Let n = 593 + -156. What is the tens digit of n?
3
Let g(k) = -3*k - 4*k - 41 + 0*k - k. What is the units digit of g(-18)?
3
Let s(f) = -f**3 + 30*f**2 - 26*f + 36. What is the thousands digit of s(26)?
2
Let n(d) = d - 15. Let v be n(7). Let u = 11 + v. Let x(r) = 3*r**2 - r + 6. What is the tens digit of x(u)?
3
Let g(r) = -352*r + 3. What is the tens digit of g(-1)?
5
Suppose d = -3*d + 12. Suppose 2*b - 2*z - 10 = 0, b - 20 = -d*z + 7*z. Suppose b = -s + 8 + 7. What is the units digit of s?
5
Let s(w) = 2*w**3 + 4*w**2 + 19*w + 6. What is the hundreds digit of s(6)?
6
Let o = -27 + 11. Suppose 5*p = 11*p + 72. What is the units digit of (p/5)/(o/40)?
6
Let b = 40 + -40. Suppose 68 = 2*d + 2*o - 64, 3*d - o - 198 = b. What is the units digit of d?
6
Suppose 210*c - 205*c = 7775. What is the units digit of c?
5
Let a(x) = -63*x**3 - 8*x**2 - 33*x - 31. What is the thousands digit of a(-4)?
4
Suppose -61 = -4*c - 25. Suppose -c*y - 6 = -12*y. What is the units digit of y + -1 + 0 + 8?
9
Let w = -946 + 1528. What is the tens digit of w?
8
Let j(v) = -2*v + 5. Let c be j(5). Suppose -45 - 120 = 11*m. What is the tens digit of (-2 - -3)*m*c?
7
Let u(y) be the second derivative of y**5/20 + 5*y**4/6 - 2*y**3/3 + y**2/2 - 18*y. What is the tens digit of u(-10)?
4
Suppose 3*n = -9*n + 5820. What is the hundreds digit of n?
4
Let x = 20 + -10. Let j = x - -79. What is the units digit of j?
9
Let c(z) = z**3 - 4*z**2 + 6*z - 6. Let m be c(3). Suppose -d = 2*h - 52, -2*h - m*h = -4*d + 247. What is the tens digit of d?
5
Let j be 10/6*-3 - -204. Suppose 33*c - 32*c = j. What is the tens digit of c?
9
Let a be 42/(-9) - (140/21)/(-10). Let f be (0 - (-850)/2) + 1. What is the tens digit of a/10 + f/15?
2
Let d = 7 - 7. Suppose d = 5*f - 2*g - 1 + 24, 0 = 3*f + 2*g + 1. What is the units digit of f*3/(-9)*6?
6
Let t(b) = -13*b - 15. Let z be t(-22). Let q = z + -95. What is the tens digit of q?
7
Let c = -13 + 11. What is the tens digit of 6377/35 + c/10?
8
Suppose -n = -2*i - 193, 5*n = -i + 5*i + 401. Let u = i + 47. Let a = -24 - u. What is the tens digit of a?
2
Suppose 4*z - z = 9. Suppose 3*c = -z*y + 2*y - 3, -2*c = -2*y - 6. Suppose -7*m + 4*m + 12 = c. What is the units digit of m?
4
Let a be 4 + -1 + -11 + 8. Suppose g + 3*g - 188 = a. What is the tens digit of g?
4
Suppose 0 = -5*z + 2*v + 2474, 5*z - 2562 = -3*v - 98. What is the tens digit of z?
9
Let d(m) = -70*m + 17. What is the hundreds digit of d(-4)?
2
Let t = -20 + 22. Let o be 2 + (t - -4 - 4). What is the tens digit of (-59)/(-1)*4/o?
5
Let p = -10 + 15. Let i(v) = v**2 - 10*v + 10. Let b be i(8). What is the units digit of (1 + b/15)*p?
3
Suppose 7 = -3*n + 16. Suppose 0 = -4*u + u + 5*m + 62, 4*m = n*u - 61. What is the tens digit of u?
1
Suppose -16*o + 1989 = -13*o. What is the hundreds digit of o?
6
Let y(o) = -8*o + 7. Let f be y(5). Let k = -3 - f. What is the units digit of k?
0
Suppose w = 5*w - 24. Let q(l) = 4*l + 31. What is the units digit of q(w)?
5
Let p = 245 - 219. What is the units digit of p?
6
Suppose 443*h - 436*h = 2667. What is the units digit of h?
1
Let d(q) = -2 - q**2 + 2 - 1 + 4*q. What is the units digit of d(3)?
2
Let t = -6 + 12. Let g be 4/t - 132/(-18). Suppose -76 - g = -4*y. What is the units digit of y?
1
Let s = -6 + 8. Let z(f) = 3 + f**s + 2 - 4*f - 2. What is the tens digit of z(6)?
1
Suppose -20*s + 7*s + 585 = 0. What is the tens digit of s?
4
What is the hundreds digit of 15*9/(-15)*-61?
5
What is the units digit of (0 - (-24387)/27) + 26/(-117)?
3
Suppose 0 = -38*t + 35*t + 3, -5*k = 2*t - 2812. What is the tens digit of k?
6
Suppose 6*q - q = 4*i + 41, i + 20 = -2*q. Let s = i + 54. What is the tens digit of s?
4
Suppose h + 139 = 3*o, 4*h = o - 0*h - 28. What is the tens digit of o?
4
Let s be (-2)/(-8) - -3*(-38)/(-24). Suppose -22*q - s = -4185. What is the units digit